se -3*d + 12 = 3*d. Suppose 2*m = -5*a - d + 14, 5*m - 30 = -4*a. Let r be (7 - -245)*4/m. Calculate the greatest common divisor of 24 and r.
24
Suppose 26 = 5*z - z + 2*p, 0 = -2*z + 4*p - 12. Suppose 128 - 78 = 5*t. What is the greatest common divisor of t and z?
2
Let l(g) = g**3 + 16*g**2 + 7*g + 16. Let p be l(-15). Calculate the highest common divisor of 34 and p.
34
Let r be 8 + (3/(-9) - (-14)/(-21)). Let j be 54/r + 12/(-7) + 2. Let x(c) = c**3 - c**2 + 2. Let m be x(0). What is the highest common factor of j and m?
2
Suppose 0 = 3*k - 12, -4*w - 3*k + 180 = -0. What is the highest common divisor of w and 420?
42
Suppose -8*s + 17*s = 90 + 162. Suppose k + 224 = 5*k. Calculate the highest common divisor of s and k.
28
Let b = -3 + 7. Suppose 0 = 7*x - b*x - 6. Let r(h) = -h**3 - 81*h**2 + 251*h - 80. Let n be r(-84). Calculate the highest common factor of x and n.
2
Let t be 0 + 3/(-3) + -13. Let r(z) = z**3 + 15*z**2 + 13*z + 28. Let w be r(t). Calculate the greatest common factor of 56 and w.
14
Let x(o) be the first derivative of o**2/2 + 12*o + 3. Suppose 8*w + w = 81. Let k be x(w). What is the highest common factor of k and 147?
21
Let f = -172 + 76. Suppose 4*o + 20 = -o. Let x be 36/(4*o/f). What is the greatest common factor of x and 24?
24
Suppose -15*g + 9*g = -66. What is the highest common divisor of 33 and g?
11
Let o = -213 - -239. Calculate the highest common divisor of o and 13.
13
Suppose 2*a = -3*k + 4, 4*a - 7 = k + 1. Suppose -6*f + 64 = -a*f. Calculate the highest common divisor of f and 8.
8
Suppose -8*o = -13*o + 780. Suppose -t - 63 = -5*u + 135, -2*t - o = -4*u. Calculate the highest common divisor of 8 and u.
8
Let s be (-4914)/(-28)*(-12)/(-9). What is the greatest common divisor of s and 52?
26
Let r be 2/(-9 + 9 - 1/(-4)). Calculate the highest common divisor of r and 160.
8
Let j = 8 - -4. Let i = j - 11. Suppose 0 = d - 5 + 2. What is the greatest common factor of i and d?
1
Let k = -89 - -91. Suppose k*p - 287 = 127. Let o be 46*(10/4 + -2). What is the greatest common divisor of o and p?
23
Let f be 10/(((-10)/8)/(-5)). Calculate the greatest common divisor of 20 and f.
20
Let f = 30 + 0. Suppose -4*h = o - f, -h - o = 3*o - 15. Calculate the greatest common factor of 28 and h.
7
Let a(n) = n**2 + 5*n - 24. Let s be a(-10). Let j be 625/6*2 + 4/(-12). Calculate the greatest common divisor of j and s.
26
Let g be 35 - 3/(12/20). Suppose -3*z + z = -240. What is the highest common divisor of g and z?
30
Suppose 11 = -4*k - 9, 2380 = 5*z + 4*k. Calculate the highest common factor of z and 840.
120
Suppose -6*n - 188 = -158. Let i be 164/14 + ((-50)/35)/n. Suppose 8*b = 4*b + 12. Calculate the highest common divisor of i and b.
3
Let h(n) = -n**3 + 6*n**2 + 7*n + 8. Let z be h(7). Suppose 48 = -2*d + 5*d. Calculate the highest common factor of d and z.
8
Suppose 0 = -y - 9 + 6, 2*b - 711 = -y. What is the greatest common factor of b and 42?
21
Suppose 4*t = -4*b + 1540, -6*t + t = b - 1945. Calculate the greatest common divisor of 12 and t.
6
Suppose -3024 = 5*j - 14*j. What is the highest common factor of 28 and j?
28
Let i be -4*485/(-20) + 2. Suppose -3 + 1 = 2*k. Let z(m) = -9*m**3 + m**2 + m. Let q be z(k). Calculate the greatest common divisor of q and i.
9
Let z be (40/50)/(-2*2/(-40)). Calculate the greatest common factor of z and 28.
4
Let j(u) = u**2 + 7*u - 5. Let y be j(-13). Suppose h - 9 = 3*t, -t = -5*h - 0*t + y. Calculate the greatest common factor of h and 105.
15
Suppose 31 = -2*d + x, -d - 4*x = -0*x + 20. Let v = d + 368. Suppose 7*a = -86 + 310. What is the highest common divisor of v and a?
32
Let n(s) = -14*s + 4. Let r be n(-6). Suppose -3*a = 3*z - 54, 3*a + 5*z + 9 = 7*a. What is the greatest common factor of r and a?
11
Let t(k) = k + 23. Let d be ((5 - 1)/4)/(2/(-14)). Let h be t(d). What is the highest common divisor of 16 and h?
16
Let l be (-3146)/39*195/(-10). What is the greatest common factor of l and 13?
13
Let g = 129 + -124. Suppose g*n - 206 = -3*t, t + 0*t = 5*n - 198. What is the greatest common divisor of 70 and n?
10
Let z = -54 - -56. Suppose 3*t - 232 = -t + 4*p, -3*t - z*p + 154 = 0. What is the greatest common factor of 36 and t?
18
Let n(y) = -y**2 + 17*y + 32. Let r be n(20). Let j = r + 34. What is the greatest common divisor of 42 and j?
6
Suppose 3*y - 75 = -d, -5*y = -2*d + 4*d - 126. Suppose -w + 6 = w. Calculate the highest common factor of y and w.
3
Let c(x) = -2*x - 3. Let k be c(-3). Suppose 1039 = k*p - 83. What is the greatest common factor of 34 and p?
34
Suppose 0 = 2*v - 4*v + 72. Suppose -v = -j - j. Suppose 2*s - 2*x + 6 = j, 3*s - 2*x = 17. Calculate the highest common factor of 5 and s.
5
Let w = 28 - 1. Suppose -i - j + 18 = 0, -j + 2*j - 57 = -4*i. Let u = i - 4. What is the highest common divisor of u and w?
9
Let o = 143 + -3. What is the highest common factor of 40 and o?
20
Let g = 3019 - 2788. Suppose 3*q - 105 = -2*q. Calculate the greatest common factor of q and g.
21
Let t be (2 - 0)/((-4)/2). Let w be ((-5)/(-2))/(t/6). Let j be (-27)/6*100/w. Calculate the highest common factor of 75 and j.
15
Let o(r) = r**3 - 18*r**2 - 39*r - 6. Let d be o(20). Calculate the highest common factor of 378 and d.
14
Let f(n) = -2*n + 5. Let h be f(-5). Suppose 3*o = -2*a + 34 + 125, 0 = -a + 4*o + 63. Calculate the greatest common factor of a and h.
15
Suppose 0 = -7*z + 640 + 1362. Calculate the greatest common factor of 154 and z.
22
Let p(a) = -a**2 + 13*a + 74. Suppose -7*t - 34 = -9*t. Let h be p(t). What is the greatest common factor of 16 and h?
2
Let d(x) = -33*x**3 - x + 2. Let k be d(1). Let r = k - -53. What is the highest common divisor of 189 and r?
21
Let y(n) = -n**2 + 13*n + 14. Let k be y(11). Let a = -35 + k. Let b be -1*1 - (-5 + a). Calculate the greatest common factor of 33 and b.
3
Let j(l) = -2*l - 22. Let v be j(-34). Calculate the highest common divisor of v and 230.
46
Suppose -1866 = -8*h - 458. Calculate the highest common divisor of h and 24.
8
Let p = -188 - -468. Calculate the greatest common divisor of 35 and p.
35
Suppose 5*o - 4597 = 7688. Let i be o/104 - 3/(-8). Let d(w) = 60*w**2 - w - 1. Let c be d(-1). What is the highest common divisor of c and i?
12
Suppose -2*q = 19 - 111. Let t = q - 12. Suppose 121 = 4*u - 83. Calculate the greatest common divisor of t and u.
17
Suppose -2*u = -5*h - 65, -2*u = 3*h - 5 - 20. Let d(m) = m**3 - 19*m**2 - 12*m - 8. Let s be d(u). Calculate the highest common divisor of s and 19.
19
Let z(b) = -7*b - 1. Let q be z(-1). Let p be q/33 + 13/(-11). Let x be p/(-1)*-2 + 5. What is the highest common factor of 3 and x?
3
Let q be -1 + 1/((-1)/(-13)). Let a be ((3 - 17) + -4)*(-3)/(-2). Let h be q*(-3)/(a/6). What is the greatest common factor of 16 and h?
8
Let r = 73 + -73. Suppose r*o = -7*o + 245. What is the highest common divisor of 7 and o?
7
Suppose 17 = 5*z - 28. Let a be 153/102*6/1. What is the highest common factor of a and z?
9
Suppose 0 = 2*p + 4*n - 34, 5*p - 7 = n + 45. Suppose -147*c + 146*c = -44. Calculate the greatest common divisor of p and c.
11
Suppose 86 = 3*c - 190. Calculate the greatest common divisor of 4 and c.
4
Suppose 13*o + 21359 = 44*o. What is the greatest common factor of 26 and o?
13
Let y(x) = 20*x - 85. Let v be y(6). Calculate the greatest common divisor of v and 21.
7
Let j(r) be the first derivative of r**3/3 + 5*r**2 + 30*r + 21. Let z be j(-4). What is the highest common factor of 8 and z?
2
Let j = -747 + 821. What is the greatest common divisor of 3182 and j?
74
Suppose j + 80 = 3*j. Suppose -10*l = -5*l - j. What is the highest common factor of l and 88?
8
Suppose -f - f = 0. Let o(g) = g + 2. Let i be o(f). Suppose -6 = 3*m - 2*c - 60, i*m + 4*c - 52 = 0. Calculate the greatest common factor of m and 50.
10
Suppose 2*l + 4*a - 36 = -0*l, 0 = -3*l + 4*a + 14. Let x(d) = 8*d - 6. Let j be x(7). What is the highest common factor of l and j?
10
Let x(a) = -5*a - 7. Let j be x(-6). Let c = j + 142. Calculate the highest common factor of c and 15.
15
Let b = -257 + 353. Calculate the greatest common factor of 24 and b.
24
Let h(r) = -r**2 - 21*r - 6. Let f be h(-6). What is the highest common divisor of f and 276?
12
Let q(z) = -z**